s the hundreds digit of z?
2
Let m = 684 + -663. What is the tens digit of ((-16)/(-56))/(-1) + 2652/m?
2
Suppose 3*l - 2*l = -4*z - 11, 0 = z + 4. Suppose 2670 = 5*g + l*g. What is the units digit of g?
7
Suppose 0 = 2*z - 23 + 11. Let c(i) = -9*i - 45. Let f be c(z). Let t = f - -169. What is the units digit of t?
0
Let b(q) = 4*q - 11. Let c(k) = 3*k - 15. Let n(i) = -5*b(i) + 4*c(i). Let t = -9 - -2. What is the tens digit of n(t)?
5
Suppose 2*r + 1151 - 4774 = 3*j, 5*j = -3*r + 5387. Suppose 0*u + 2*u = 2, r = 3*k - 2*u. What is the tens digit of k?
0
Let s(z) = 3*z**2 - 2*z - 3. Let q be s(2). Suppose -o = g - 137, 709 = q*o - 3*g + 2*g. Suppose -n + 102 = -o. What is the units digit of n?
3
Suppose -29*h + 119651 = 59*h + 26723. What is the thousands digit of h?
1
Let h = -35422 + 81003. What is the ten thousands digit of h?
4
Suppose 4*u = 20 - 8. Suppose 95*v - 24*v - 781 = 0. Suppose -u*t + 266 = v*t. What is the tens digit of t?
1
Suppose -w - 4*y = -2026, 2*w + 498 - 4550 = 4*y. What is the thousands digit of w?
2
Suppose -9 = 3*m + 3, -28 = -4*r + 3*m. Suppose 0 = -r*g + u - 1070 + 4085, 3*u = g - 762. What is the units digit of g?
3
Let p be 13*-8*((-175)/14 + 12). What is the units digit of 16510/p*2/1?
5
What is the units digit of (21768/9 + -7)/(10/12)?
4
Let w be (41 - 40)/(1/(-65)). What is the tens digit of 1 + 0 - (-13)/(w/(-285))?
5
Let p(w) = -1490*w + 568. What is the units digit of p(-4)?
8
Suppose 3627*x - 3576*x - 268617 = 0. What is the thousands digit of x?
5
Let x(j) = 2*j**2 + 95*j + 1714. What is the hundreds digit of x(-63)?
6
Suppose -9*i = -52*i + 205987 + 60871. What is the thousands digit of i?
6
Let z = -383 + 575. Suppose 3*x + 768 = -4*l, -2*l + l - z = x. What is the tens digit of 2 - 4/2 - l/2?
9
Let d = -37171 - -53664. What is the thousands digit of d?
6
Let w(g) = g**3 + 14*g**2 - 14*g + 3. Let p be w(-15). Let x be ((-10)/4)/(5/p). Suppose -6 = -3*y + 4*s, -x*s = 5*y - 3*s - 39. What is the units digit of y?
6
Let j be (1418/4)/(1/2). Suppose o = a - 352, 9*a - o - j = 7*a. What is the hundreds digit of a?
3
Suppose 376*t + 445038 = 442*t. What is the units digit of t?
3
Let n be 3/27*6*6. Suppose 2*x = -0*f + 4*f - 1090, n*f = 4*x + 1080. What is the units digit of f?
5
Let w = -408 - -411. Suppose -w*b + 1772 = -9*a + 5*a, 4*b - 5*a = 2363. What is the hundreds digit of b?
5
Let b = 28172 - 19486. What is the hundreds digit of b?
6
Suppose 0 = 2*f - 2 + 4. Let v(i) be the second derivative of -7*i**5/4 + i**3/6 - 906*i - 2. What is the tens digit of v(f)?
3
Suppose -6543 - 2337 = -3*f. Suppose 6*l + 2*l - f = 0. What is the units digit of l?
0
What is the hundreds digit of -4 + (-95)/(-57) - (-28450)/3?
4
Let y(v) = -1536*v - 1527. What is the hundreds digit of y(-4)?
6
Suppose 50 = 10*u, -4*n = -9*n - 4*u + 11030. What is the units digit of n?
2
Let w(h) = 4*h - 2*h + 2*h + 2*h - 66. Let t be w(0). Let l = t - -179. What is the tens digit of l?
1
What is the hundreds digit of -416*(1573/(-26))/11?
2
Let m(z) = 104*z + 66. Let n = 704 - 697. What is the units digit of m(n)?
4
Suppose -21 = -x - 13. Suppose 906 = 10*h - x*h. What is the tens digit of h?
5
Let s = 124 - 121. Suppose 39 = 4*g + i, g - s*g = -2*i - 22. What is the tens digit of g?
1
What is the units digit of (2 + -3 - -5)*961605/612?
5
Let c(q) be the first derivative of q**4/4 + q**3/3 + q**2/2 - 7. Let d be c(0). Suppose d*y = 4*y + 2*k - 594, 3*y + k - 447 = 0. What is the units digit of y?
0
Suppose y = l - 2*l + 16, 5*l = 25. Suppose y*g - 321 = 1252. Let u = 60 + g. What is the tens digit of u?
0
Let y = -34 - -37. Suppose -3*f = y*m - 33, -2*f + 34 = 4*m - 3*f. Let b = 30 + m. What is the units digit of b?
9
Let v = 8457 - -3277. What is the tens digit of v?
3
Suppose -2*s = -13*s + 187. Let j be (14 - s)*(-53)/3. Suppose 51*q - j*q = -238. What is the hundreds digit of q?
1
Suppose 130*n - 674118 = -126*n + 247*n. What is the hundreds digit of n?
9
Let s(k) = -4*k**2 + 28*k - 15. Let x be s(17). Let h = x + 1725. Suppose -306 = 4*u - h. What is the tens digit of u?
8
Let d(q) = 9*q. Let o be d(6). Suppose -7*k = -15*k - 216. Let y = k + o. What is the units digit of y?
7
Suppose 0*u - 4*u - 10 = -2*r, -r - 3 = 2*u. What is the hundreds digit of ((-37)/u)/((-4)/(-55 - 1))?
2
Let x be (-12)/(-20)*((-5)/(-1) - 0). Let b(o) = 9*o**2 - 6*o + 8. Let g(y) = -5*y**2 + 3*y - 4. Let d(s) = x*b(s) + 5*g(s). What is the units digit of d(3)?
3
Let h = 42487 - 12580. What is the hundreds digit of h?
9
What is the hundreds digit of ((-2398)/(-6))/(39088/2604 - 15)?
1
Suppose -3*p - 1852 - 238 = -4*b, -p - b = 692. Let w = 1646 + p. What is the hundreds digit of w?
9
What is the ten thousands digit of (-7)/(609/(-516)) - (-2)/29 - -14012?
1
Suppose -g - 108 = -2*o, -g - 4*o - 32 = 46. Let h be (0 - -3) + -6 - 147. Let m = g - h. What is the tens digit of m?
5
Let g(d) = -4*d - 24. Let h be g(-7). Let c(y) = 102*y + 30. What is the units digit of c(h)?
8
Let v be ((-4)/9)/(2*(-3)/27). Suppose -4*x + 3*h = -1251, v*x - 9*h + 4*h - 629 = 0. What is the units digit of x?
2
Let o(d) = -3*d**3 - 49*d**2 + 13*d + 165. What is the thousands digit of o(-28)?
7
Let a(p) = -55*p**2 + 4*p + 2. Let v be a(-1). Let t = -11 - v. Suppose 110 - t = l. What is the units digit of l?
4
Suppose 45*a - 39*a - 6 = 0. What is the tens digit of (21 - 0 - -2) + -2 + a?
2
Let g(k) = -679*k - 7. Let o be g(-13). What is the units digit of o/40 - 3/2?
9
Let y(t) = 17*t**3 - 12*t**2 + 14*t + 3. Let d(b) = -11*b**3 + 8*b**2 - 9*b - 2. Let p(z) = -8*d(z) - 5*y(z). What is the tens digit of p(2)?
1
Suppose -239527 = -45*i - 33*i + 986945. What is the tens digit of i?
2
Let p(f) = 8*f**2 - 14. Let h be p(2). Suppose h*b - 38580 = -12*b. What is the hundreds digit of b?
2
Let i be (-2)/(3*(-4)/30). Let r = 2147 - 2073. Suppose 4*s + r = 2*c, 2*c = c - i*s + 16. What is the tens digit of c?
3
Let m(z) = 2*z**3 - 120*z**2 + 50*z - 76. What is the thousands digit of m(69)?
9
Let x(k) = -2*k + 18. Let f be x(-10). Let o = 159 - 71. Let v = f + o. What is the hundreds digit of v?
1
Let i(j) = 1207*j - 177. What is the hundreds digit of i(7)?
2
Suppose 6594 = -9*h + 21345. Suppose 4*g - h = 1045. What is the tens digit of g?
7
Let d(o) = -170*o**3 + 15*o**2 + 26*o + 46. What is the hundreds digit of d(-4)?
0
Let o(q) be the second derivative of -39*q**3 + 225*q**2/2 - 194*q. What is the units digit of o(-6)?
9
Suppose 7*l - 73 + 52 = 0. Suppose 0 = -17*s + l*s + 7028. What is the hundreds digit of s?
5
Suppose 2*h + 14 = -14. Let u be (-4)/56*6 - 426/h. What is the tens digit of (u/2)/3*5?
2
Suppose -5*p + 3*p = 2*p. Suppose -h = -5*k + 1130, p = -2*k - 2*h + 116 + 348. What is the units digit of k?
7
Let s = 11355 - 3206. What is the tens digit of s?
4
Let p be -2 + -1 + (-44)/(-55)*5. Let n(r) = -r - 17. Let f be n(-9). What is the units digit of (-2)/f*(-3 - p)*-181?
1
What is the thousands digit of 18435 + -82 - -1*3 - 9?
8
Let c = -4 - -8. Let j(u) = -u**3 + u**2 - 4*u - 21. Let k be j(-9). Suppose c*z + z - k = 0. What is the tens digit of z?
6
Let r = -156 - -161. Suppose j - v - 145 = 188, 4*j - r*v - 1333 = 0. What is the hundreds digit of j?
3
What is the hundreds digit of -41 - -37166 - 210/(-10)?
1
Let h = 77876 + -53486. What is the ten thousands digit of h?
2
Suppose 25 = -29*h + 779. Suppose -h*m - 1065 = -31*m. What is the hundreds digit of m?
2
Suppose 14*l = 19*l - y - 137, 5*y = 4*l - 118. Suppose -3406 = -l*h + 8447. What is the hundreds digit of h?
4
Let l(u) = -655*u - 2779. What is the hundreds digit of l(-26)?
2
Let u(h) = 810*h**2 + 69*h - 3. What is the hundreds digit of u(4)?
2
Let v be (488/(-24))/(2/(-78)). Let x = v - 448. What is the tens digit of x?
4
Let m = 70 + -66. Suppose -m*n = 2*y + 3 - 1, 2*n + 2*y = -6. Suppose 5*b - 79 = -w, -n*w - 2*b - 28 = -162. What is the tens digit of w?
6
Let j(f) = -2*f**2 - 49*f + 18. Let g be j(-17). Let w = 1298 - g. What is the units digit of w?
5
Let q = 183 + -195. What is the tens digit of q/(-24)*(0 - -1)*482?
4
Let b = 17002 + -11238. What is the tens digit of b?
6
Suppose 4*v - 81 = -85. Let u be ((-7)/3)/((-2)/30). Let w = u - v. What is the tens digit of w?
3
Suppose 240*p + 1017 = 246*p - 303. Wha